{"id":153,"date":"2023-06-22T09:03:52","date_gmt":"2023-06-22T07:03:52","guid":{"rendered":"https:\/\/rosacom.rcsoft.cz\/?page_id=153"},"modified":"2023-07-24T09:14:00","modified_gmt":"2023-07-24T07:14:00","slug":"zabezpeceni-pc","status":"publish","type":"page","link":"https:\/\/www.rosacom.cz\/homepage\/zabezpeceni-pc\/","title":{"rendered":"Zabezpe\u010den\u00ed PC"},"content":{"rendered":"<div class=\"\" style=\"\" >\n    \n    <section class=\"u-clearfix u-section-2\" id=\"sec-6e39\">\n      <div class=\"u-clearfix u-sheet u-sheet-1\">\n        <h2 class=\"u-align-center u-text u-text-default u-text-palette-1-base u-text-1\"> Antivirov\u00e9 programy<\/h2>\n        <p class=\"u-align-center u-text u-text-palette-5-dark-1 u-text-2\"> Antivirov\u00fd program m\u00e1 za c\u00edl chr\u00e1nit po\u010d\u00edta\u010d v\u016f\u010di \u0161kodliv\u00fdm vir\u016fm a podez\u0159el\u00fdm aktivit\u00e1m v\u0161eho druhu. Ve sv\u00e9 datab\u00e1zi m\u00e1 ulo\u017een\u00e9 dosud zn\u00e1m\u00e9 viry a hled\u00e1 souvislosti s takov\u00fdmi viry ve va\u0161em po\u010d\u00edta\u010di. Antivir detekuje podez\u0159el\u00e9 \u010dinnosti ve va\u0161em PC a v p\u0159\u00edpad\u011b ohro\u017een\u00ed v\u00e1s informuje nebo pozastav\u00ed \u010dinnost dan\u00e9ho programu.<\/p>\n        <h2 class=\"u-align-center u-text u-text-palette-1-base u-text-3\"> Co je vlastn\u011b Antivir a pro\u010d je d\u016fle\u017eit\u00e9 jej m\u00edt?<\/h2>\n        <p class=\"u-align-center u-text u-text-palette-5-dark-1 u-text-4\">\n          <span style=\"font-weight: 700;\"> \u010c\u00edm d\u00e1l z\u00e1le\u017eitost\u00ed \u0159e\u0161\u00edme p\u0159es po\u010d\u00edta\u010d nebo telefon<\/span>.&nbsp;Poskytujeme osobn\u00ed \u00fadaje, p\u0159ihla\u0161ujeme se na internetov\u00e9 bankovnictv\u00ed, uchov\u00e1v\u00e1me v prohl\u00ed\u017ee\u010d\u00edch hesla pro jednodu\u0161\u0161\u00ed&nbsp; p\u0159ihla\u0161ov\u00e1n\u00ed.<br>V\u00e1\u0161 po\u010d\u00edta\u010d, v\u00e1\u0161 e-mail, v\u00e1\u0161 prohl\u00ed\u017ee\u010d je doslova p\u0159epln\u011bn\u00fd informacemi o v\u00e1s. Tyto informace znamenaj\u00ed v informa\u010dn\u00edm v\u011bku zlato\u2026dokonce v\u00edce, ne\u017e zlato, je to zlato kombinovan\u00e9 s ropou a cel\u00e9 zabalen\u00e9 do platiny.\n        <\/p>\n        <img decoding=\"async\" class=\"u-image u-image-default u-image-1\" src=\"https:\/\/www.rosacom.cz\/wp-content\/uploads\/2023\/06\/spytm_best_anti_virus-300x191-1.png\" alt=\"\" data-image-width=\"300\" data-image-height=\"191\">\n        <p class=\"u-align-center u-text u-text-5\"> Jenom\u017ee jak vybrat ten spr\u00e1vn\u00fd antivirus, kter\u00fd v\u00e1s bezezbytku ochr\u00e1n\u00ed a kter\u00fd z\u00e1rove\u0148 nebude zat\u011b\u017eovat v\u00e1\u0161 po\u010d\u00edta\u010d?<\/p>\n      <\/div>\n    <\/section>\n    <section class=\"u-clearfix u-section-3\" id=\"sec-5929\">\n      <div class=\"u-clearfix u-sheet u-valign-middle u-sheet-1\">\n        <div class=\"u-align-center u-container-style u-group u-palette-4-light-1 u-shape-rectangle u-group-1\">\n          <div class=\"u-container-layout u-container-layout-1\">\n            <p class=\"u-text u-text-palette-2-base u-text-1\"> Za dlouh\u00e1 l\u00e9ta na\u0161eho p\u016fsoben\u00ed, kdy se star\u00e1me o servis jak osobn\u00edch po\u010d\u00edta\u010d\u016f, notebook\u016f a dal\u0161\u00edch chytr\u00fdch za\u0159\u00edzen\u00ed na\u0161ich z\u00e1kazn\u00edk\u016f i spr\u00e1vu cel\u00fdch nemocnic nebo velk\u00fdch firem jsme m\u011bli mo\u017enost vyzkou\u0161et r\u016fzn\u00e9 druhy antivir\u016f a postupn\u011b doj\u00edt k ide\u00e1ln\u00edmu \u0159e\u0161en\u00ed.<\/p>\n            <h3 class=\"u-text u-text-palette-2-base u-text-2\"> P\u0159ij\u010fte se poradit s n\u00e1mi!<\/h3>\n          <\/div>\n        <\/div>\n        <p class=\"u-text u-text-default u-text-palette-5-dark-2 u-text-3\"> Proto u n\u00e1s m\u00e1te mo\u017enost zakoupit, p\u0159\u00edpadn\u011b nechat rovnou nainstalovat tyto dva nejpopul\u00e1rn\u011bj\u0161\u00ed a za n\u00e1s i nejspolehliv\u011bj\u0161\u00ed Antivirov\u00e9 programy<\/p>\n      <\/div>\n    <\/section>\n    <section class=\"u-clearfix u-section-4\" id=\"sec-77ca\">\n      <div class=\"u-clearfix u-sheet u-valign-middle-lg u-valign-middle-md u-valign-middle-sm u-valign-middle-xl u-sheet-1\">\n        <div class=\"u-border-2 u-border-grey-dark-1 u-container-style u-expanded-width-xs u-group u-radius-10 u-shape-round u-group-1\">\n          <div class=\"u-container-layout u-valign-middle u-container-layout-1\">\n            <img decoding=\"async\" class=\"u-image u-image-default u-preserve-proportions u-image-1\" src=\"https:\/\/www.rosacom.cz\/wp-content\/uploads\/2023\/06\/530-eset-logo-150x150-1.jpg\" alt=\"\" data-image-width=\"150\" data-image-height=\"150\">\n            <p class=\"u-text u-text-palette-5-dark-1 u-text-1\"> ESET pat\u0159\u00ed mezi antiviry, kter\u00e9 se ka\u017edoro\u010dn\u011b umis\u0165uj\u00ed na p\u0159edn\u00edch p\u0159\u00ed\u010dk\u00e1ch v nez\u00e1visl\u00fdch testov\u00e1n\u00edch. D\u00edky jednoduch\u00e9mu ovl\u00e1d\u00e1n\u00ed a nadpr\u016fm\u011brn\u00e9 podpo\u0159e je software vhodn\u00fd i pro nezku\u0161en\u00e9 u\u017eivatele. <span style=\"font-weight: 700;\" class=\"u-text-palette-5-dark-2\">V\u00fdborn\u00e1 volba v p\u0159\u00edpad\u011b, \u017ee chcete spolehliv\u00fd antivir, kter\u00fd v\u00e1s nebude obt\u011b\u017eovat fale\u0161n\u00fdmi varov\u00e1n\u00edmi.<\/span>\n            <\/p>\n          <\/div>\n        <\/div>\n      <\/div>\n    <\/section>\n    \n    \n    \n  \n<\/div>","protected":false},"excerpt":{"rendered":"<p>Antivirov\u00e9 programy Antivirov\u00fd program m\u00e1 za c\u00edl chr\u00e1nit po\u010d\u00edta\u010d v\u016f\u010di \u0161kodliv\u00fdm vir\u016fm a podez\u0159el\u00fdm aktivit\u00e1m v\u0161eho druhu. Ve sv\u00e9 datab\u00e1zi m\u00e1 ulo\u017een\u00e9 dosud zn\u00e1m\u00e9 viry a hled\u00e1 souvislosti s takov\u00fdmi viry ve va\u0161em po\u010d\u00edta\u010di. Antivir detekuje podez\u0159el\u00e9 \u010dinnosti ve va\u0161em PC a v p\u0159\u00edpad\u011b ohro\u017een\u00ed v\u00e1s informuje nebo pozastav\u00ed \u010dinnost dan\u00e9ho programu. Co je vlastn\u011b [&hellip;]<\/p>\n","protected":false},"author":8,"featured_media":0,"parent":0,"menu_order":0,"comment_status":"closed","ping_status":"closed","template":"","meta":{"footnotes":""},"class_list":["post-153","page","type-page","status-publish","hentry"],"_links":{"self":[{"href":"https:\/\/www.rosacom.cz\/homepage\/wp-json\/wp\/v2\/pages\/153","targetHints":{"allow":["GET"]}}],"collection":[{"href":"https:\/\/www.rosacom.cz\/homepage\/wp-json\/wp\/v2\/pages"}],"about":[{"href":"https:\/\/www.rosacom.cz\/homepage\/wp-json\/wp\/v2\/types\/page"}],"author":[{"embeddable":true,"href":"https:\/\/www.rosacom.cz\/homepage\/wp-json\/wp\/v2\/users\/8"}],"replies":[{"embeddable":true,"href":"https:\/\/www.rosacom.cz\/homepage\/wp-json\/wp\/v2\/comments?post=153"}],"version-history":[{"count":6,"href":"https:\/\/www.rosacom.cz\/homepage\/wp-json\/wp\/v2\/pages\/153\/revisions"}],"predecessor-version":[{"id":423,"href":"https:\/\/www.rosacom.cz\/homepage\/wp-json\/wp\/v2\/pages\/153\/revisions\/423"}],"wp:attachment":[{"href":"https:\/\/www.rosacom.cz\/homepage\/wp-json\/wp\/v2\/media?parent=153"}],"curies":[{"name":"wp","href":"https:\/\/api.w.org\/{rel}","templated":true}]}}