{"id":262,"date":"2023-06-23T11:08:17","date_gmt":"2023-06-23T09:08:17","guid":{"rendered":"https:\/\/rosacom.rcsoft.cz\/?page_id=262"},"modified":"2023-06-23T14:27:35","modified_gmt":"2023-06-23T12:27:35","slug":"sprava-site","status":"publish","type":"page","link":"https:\/\/www.rosacom.cz\/homepage\/sprava-site\/","title":{"rendered":"Spr\u00e1va s\u00edt\u011b"},"content":{"rendered":"<div class=\"\" style=\"\" >\n    \n    <section class=\"u-clearfix u-section-2\" id=\"sec-6a37\">\n      <div class=\"u-clearfix u-sheet u-valign-middle u-sheet-1\">\n        <h2 class=\"u-text u-text-default u-text-1\"> Extern\u00ed spr\u00e1va IT s\u00edt\u011b<span style=\"font-weight: 700;\"><\/span>\n        <\/h2>\n        <p class=\"u-text u-text-2\"> Spr\u00e1va s\u00edt\u011b \u2013 Komplexn\u00ed Outsourcing IT zahrnuje komplexn\u00ed servis s garanc\u00ed&nbsp;<b>99,999% funk\u010dnosti&nbsp;<\/b>hardwaru i softwaru IT syt\u00e9mu z\u00e1kazn\u00edka.<br>\n          <br>Outsourcingu a poradenstv\u00ed v oblasti IT se na\u0161e firma v\u011bnuje od roku 1995. D\u00edky dlouholet\u00fdm zku\u0161enostem dok\u00e1\u017eeme profesion\u00e1ln\u011b zajistit efektivn\u00ed a bezprobl\u00e9mov\u00fd chod Va\u0161ich IT syst\u00e9m\u016f po hardwarov\u00e9 i softwarov\u00e9 str\u00e1nce.\n        <\/p>\n        <img decoding=\"async\" class=\"u-image u-image-default u-image-1\" src=\"http:\/\/rosacom.rcsoft.cz\/wp-content\/uploads\/2023\/06\/out.jpg\" alt=\"\" data-image-width=\"450\" data-image-height=\"278\">\n        <h5 class=\"u-text u-text-3\"> D\u011aLEJTE TO, CO UM\u00cdTE\u2026<br>&nbsp;&nbsp;&nbsp;&nbsp;&nbsp;&nbsp;&nbsp;&nbsp;&nbsp;&nbsp;&nbsp;&nbsp;&nbsp;&nbsp;&nbsp;&nbsp;&nbsp;&nbsp;&nbsp;&nbsp; &nbsp; &nbsp; \u2026SPR\u00c1VU IT NECHTE N\u00c1M!\n        <\/h5>\n      <\/div>\n    <\/section>\n    <section class=\"u-clearfix u-section-3\" id=\"sec-3305\">\n      <div class=\"u-clearfix u-sheet u-valign-top u-sheet-1\">\n        <div class=\"u-expanded-width u-list u-list-1\">\n          <div class=\"u-repeater u-repeater-1\">\n            <div class=\"u-container-style u-list-item u-repeater-item\">\n              <div class=\"u-container-layout u-similar-container u-container-layout-1\">\n                <h3 class=\"u-text u-text-default u-text-palette-1-base u-text-1\"> Co zahrnuje spr\u00e1va s\u00edt\u011b?<\/h3>\n                <p class=\"u-text u-text-palette-5-dark-1 u-text-2\"><b>Syst\u00e9mov\u00e1 podpora&nbsp;<\/b>\u2013 dohled nad s\u00ed\u0165ov\u00fdm opera\u010dn\u00edm syst\u00e9mem, servery a klientsk\u00fdmi stanicemi, spr\u00e1va s\u00ed\u0165ov\u00fdch prvk\u016f, s\u00ed\u0165ov\u00fdch periferi\u00ed a komunika\u010dn\u00edch syst\u00e9m\u016f<br>\n                  <br>\n                  <br><b>Softwarov\u00e1 podpora&nbsp;<\/b>\u2013 nastaven\u00ed a optimalizace s\u00ed\u0165ov\u00e9ho opera\u010dn\u00edho syst\u00e9mu, instalace softwaru a jeho update, konfigurace aplikac\u00ed, z\u00e1lohov\u00e1n\u00ed, zabezpe\u010den\u00ed dat a pravideln\u00e1 aktualizace antivirov\u00e9 ochrany<br>\n                  <br>\n                  <br><b>Vzd\u00e1len\u00e1 spr\u00e1va&nbsp;<\/b>\u2013 okam\u017eit\u00e9 \u0159e\u0161en\u00ed probl\u00e9m\u016f bez nutnosti v\u00fdjezdu technika, nez\u00e1visl\u00e9 na \u010dase dojezdu\n                <\/p>\n              <\/div>\n            <\/div>\n            <div class=\"u-container-style u-list-item u-repeater-item\">\n              <div class=\"u-container-layout u-similar-container u-container-layout-2\">\n                <h3 class=\"u-text u-text-default u-text-palette-1-base u-text-3\"> Co zahrnuje spr\u00e1va s\u00edt\u011b? <\/h3>\n                <p class=\"u-text u-text-palette-5-dark-1 u-text-4\"><b>U\u017eivatelsk\u00e1 podpora&nbsp;<\/b>\u2013 preventivn\u00ed p\u00e9\u010de zaji\u0161\u0165ovan\u00e1 pravideln\u00fdmi n\u00e1v\u0161t\u011bvami technika v intervalu dohodnut\u00e9m ve smlouv\u011b<br>\n                  <br>\n                  <br><b>Poradensk\u00e1 slu\u017eba&nbsp;<\/b>\u2013 konzultace probl\u00e9m\u016f a n\u00e1vrhy \u0159e\u0161en\u00ed<br>\n                  <br>\n                  <br><b>Helpdesk a Hotline&nbsp;<\/b>\u2013 webov\u00fd, e-mailov\u00fd a telefonick\u00fd z\u00e1kaznick\u00fd servis<br>\n                  <br>\n                  <br><b>Veden\u00ed dokumentace&nbsp;<\/b>o fyzick\u00e9 a softwarov\u00e9 konfiguraci ICT\n                <\/p>\n              <\/div>\n            <\/div>\n            <div class=\"u-container-style u-list-item u-repeater-item\">\n              <div class=\"u-container-layout u-similar-container u-container-layout-3\">\n                <h3 class=\"u-text u-text-default u-text-palette-1-base u-text-5\"> Pro koho je spr\u00e1va s\u00edt\u011b ur\u010dena?<\/h3>\n                <p class=\"u-text u-text-palette-5-dark-1 u-text-6\"> Spr\u00e1va po\u010d\u00edta\u010dov\u00e9 s\u00edt\u011b je ur\u010dena ka\u017ed\u00e9mu, kdo spravuje s\u00ed\u0165 s jedn\u00edm nebo v\u00edce servery nebo v\u011bt\u0161\u00ed mno\u017estv\u00ed samostatn\u00fdch PC, a je pro n\u011bj neefektivn\u00ed zam\u011bstn\u00e1vat vlastn\u00ed spr\u00e1vce s\u00edt\u011b a n\u00e1kladn\u011b budovat<b>&nbsp;IT odd\u011blen\u00ed<\/b>.<br>\n                  <br>\n                  <br>D\u00edky modern\u00edm technologi\u00edm a mo\u017enosti vzd\u00e1len\u00e9 spr\u00e1vy jsme schopni spravovat spole\u010dnosti v cel\u00e9 \u010cesk\u00e9 republice.\n                <\/p>\n              <\/div>\n            <\/div>\n          <\/div>\n        <\/div>\n      <\/div>\n    <\/section>\n    <section class=\"u-clearfix u-section-4\" id=\"sec-5150\">\n      <div class=\"u-clearfix u-sheet u-sheet-1\">\n        <div class=\"u-clearfix u-expanded-width u-layout-wrap u-layout-wrap-1\">\n          <div class=\"u-layout\">\n            <div class=\"u-layout-row\">\n              <div class=\"u-container-style u-layout-cell u-size-20 u-layout-cell-1\">\n                <div class=\"u-container-layout u-container-layout-1\">\n                  <h3 class=\"u-align-center u-text u-text-default u-text-palette-1-base u-text-1\"> Jak za\u010d\u00edt?<\/h3>\n                  <p class=\"u-text u-text-palette-5-dark-1 u-text-2\"> Sta\u010d\u00ed n\u00e1s kontaktovat a domluvit si&nbsp;<b>prvotn\u00ed sch\u016fzku<\/b>.<br>Po dohod\u011b o p\u0159evzet\u00ed s\u00edt\u011b do spr\u00e1vy V\u00e1m provedeme d\u016fkladn\u00fd&nbsp;<b>audit<\/b>&nbsp;stavu Va\u0161eho IT.<br>Anal\u00fdzu jednotliv\u00fdch prvk\u016f s\u00edt\u011b (topologie, kabel\u00e1\u017ee, aktivn\u00edch prvk\u016f, server\u016f, pracovn\u00edch stanic), kontrolu stavu a licenc\u00ed softwaru. Prov\u011b\u0159\u00edme vnit\u0159n\u00ed i vn\u011bj\u0161\u00ed bezpe\u010dnost s\u00edt\u011b, zkontrolujeme funk\u010dnost z\u00e1lo\u017en\u00edch zdroj\u016f, z\u00e1lohov\u00e1n\u00ed atd.<br>Na z\u00e1klad\u011b zji\u0161t\u011bn\u00fdch v\u00fdsledk\u016f zkonsolidujeme stav a navrhneme optimalizaci s\u00edt\u011b\n                  <\/p>\n                <\/div>\n              <\/div>\n              <div class=\"u-container-style u-layout-cell u-size-20 u-layout-cell-2\">\n                <div class=\"u-container-layout u-container-layout-2\">\n                  <img decoding=\"async\" class=\"u-image u-image-default u-image-1\" src=\"http:\/\/rosacom.rcsoft.cz\/wp-content\/uploads\/2023\/06\/ruce-300x166-1.png\" alt=\"\" data-image-width=\"300\" data-image-height=\"166\">\n                <\/div>\n              <\/div>\n              <div class=\"u-container-style u-layout-cell u-size-20 u-layout-cell-3\">\n                <div class=\"u-container-layout u-container-layout-3\">\n                  <h3 class=\"u-align-center u-text u-text-default u-text-palette-1-base u-text-3\"> Kolik spr\u00e1va s\u00edt\u011b stoj\u00ed?<\/h3>\n                  <p class=\"u-text u-text-palette-5-dark-1 u-text-4\"> Slu\u017eba je detailn\u011b upravena smlouvou na dobu neur\u010ditou a hrad\u00ed se formou m\u011bs\u00ed\u010dn\u00edho pau\u0161\u00e1lu. V\u00fd\u0161e pau\u0161\u00e1lu je individu\u00e1ln\u00ed, z\u00e1vis\u00ed na smluven\u00fdch parametrech a je pro ni rozhoduj\u00edc\u00ed:<br><b>\u2022 po\u010det a typ server\u016f<\/b>\n                    <br><b>\u2022 po\u010det u\u017eivatel\u016f<\/b>\n                    <br><b>\u2022 frekvence pravideln\u00fdch n\u00e1v\u0161t\u011bv<\/b>\n                    <br><b>\u2022 rychlost reakce p\u0159i servisn\u00edm z\u00e1sahu<\/b>\n                  <\/p>\n                <\/div>\n              <\/div>\n            <\/div>\n          <\/div>\n        <\/div>\n      <\/div>\n    <\/section>\n    <section class=\"u-clearfix u-section-5\" id=\"sec-3cd5\">\n      <div class=\"u-clearfix u-sheet u-sheet-1\">\n        <h3 class=\"u-align-center u-text u-text-default u-text-1\"> Online kalkula\u010dka ceny<\/h3>\n        <p class=\"u-align-center u-text u-text-2\"> Cenu za spr\u00e1vu s\u00edt\u00ed (outsourcing IT) je nutno ch\u00e1pat jako orienta\u010dn\u00ed, pro stanoven\u00ed kone\u010dn\u00e9 ceny za spr\u00e1vu s\u00edt\u011b pros\u00edm v\u017edy kontaktujte na\u0161e obchodn\u00ed odd\u011blen\u00ed.<br>Uveden\u00e1 cena je bez DPH 21%.\n        <\/p>\n        <h3 class=\"u-align-left u-text u-text-palette-1-base u-text-3\"> Po\u010dty za\u0159\u00edzen\u00ed<\/h3>\n        <div class=\"u-expanded-width u-form u-gradient u-form-1\">\n          <form action=\"https:\/\/forms.nicepagesrv.com\/v2\/form\/process\" class=\"u-clearfix u-form-spacing-15 u-form-vertical u-inner-form\" style=\"padding: 15px;\" source=\"email\" name=\"form\">\n            <div class=\"u-form-group u-form-number u-form-number-layout-range u-label-top u-form-group-1\">\n              <label for=\"range-ca83\" class=\"u-label\">Po\u010det server\u016f<\/label>\n              <div class=\"u-input-row\" data-value=\"0\">\n                <input value=\"0\" min=\"0\" max=\"10\" step=\"1\" type=\"range\" placeholder=\"\" id=\"range-ca83\" name=\"servr\" class=\"u-input u-range u-text-palette-1-base\">\n              <\/div>\n            <\/div>\n            <div class=\"u-form-group u-form-number u-form-number-layout-range u-label-top u-form-group-2\">\n              <label for=\"range-b2c9\" class=\"u-label\">Po\u010det po\u010d\u00edta\u010d\u016f<\/label>\n              <div class=\"u-input-row\" data-value=\"0\">\n                <input value=\"0\" min=\"0\" max=\"100\" step=\"1\" type=\"range\" placeholder=\"\" id=\"range-b2c9\" name=\"pc\" class=\"u-input u-range u-text-palette-1-base\">\n              <\/div>\n            <\/div>\n            <h3 class=\"u-form-group u-form-text u-text u-text-palette-1-base u-text-4\"> V\u010dasnost z\u00e1sahu<\/h3>\n            <div class=\"u-form-group u-form-radiobutton u-label-top\">\n              <label class=\"u-form-control-hidden u-label\"><\/label>\n              <div class=\"u-form-radio-button-wrapper\">\n                <div class=\"u-input-row\">\n                  <input id=\"field-323e\" type=\"radio\" name=\"zasah\" value=\"5\" class=\"u-field-input\" data-calc=\"5\">\n                  <label class=\"u-field-label\" for=\"field-323e\">48 hodin<\/label>\n                <\/div>\n                <div class=\"u-input-row\">\n                  <input id=\"field-0be5\" type=\"radio\" name=\"zasah\" value=\"10\" class=\"u-field-input\" data-calc=\"10\">\n                  <label class=\"u-field-label\" for=\"field-0be5\">24 hodin<\/label>\n                <\/div>\n              <\/div>\n            <\/div>\n            <h3 class=\"u-form-group u-form-text u-text u-text-palette-1-base u-text-5\"> V\u010dasnost z\u00e1sahu v p\u0159\u00edpad\u011b hav\u00e1rie<\/h3>\n            <div class=\"u-form-group u-form-radiobutton u-label-top\">\n              <label class=\"u-form-control-hidden u-label\"><\/label>\n              <div class=\"u-form-radio-button-wrapper\">\n                <div class=\"u-input-row\">\n                  <input id=\"field-312d\" type=\"radio\" name=\"havarzasah\" value=\"15\" class=\"u-field-input\" data-calc=\"15\">\n                  <label class=\"u-field-label\" for=\"field-312d\">8 hodin<\/label>\n                <\/div>\n                <div class=\"u-input-row\">\n                  <input id=\"field-3a71\" type=\"radio\" name=\"havarzasah\" value=\"20\" class=\"u-field-input\" data-calc=\"20\">\n                  <label class=\"u-field-label\" for=\"field-3a71\">4 hodiny<\/label>\n                <\/div>\n              <\/div>\n            <\/div>\n            <h3 class=\"u-form-group u-form-text u-text u-text-palette-1-base u-text-6\"> \u010cetnost n\u00e1v\u0161t\u011bv<\/h3>\n            <div class=\"u-form-group u-form-number u-form-number-layout-range u-label-top u-form-group-8\">\n              <label for=\"range-816b\" class=\"u-label\">Po\u010det n\u00e1v\u0161t\u011bv za m\u011bs\u00edc<\/label>\n              <div class=\"u-input-row\" data-value=\"0\">\n                <input value=\"0\" min=\"0\" max=\"30\" step=\"1\" type=\"range\" placeholder=\"\" id=\"range-816b\" name=\"visit\" class=\"u-input u-range u-text-palette-1-base\">\n              <\/div>\n            <\/div>\n            <div class=\"u-form-group u-form-number u-form-number-layout-range u-label-top u-form-group-9\">\n              <label for=\"range-c3de\" class=\"u-label\">Po\u010det hodin na n\u00e1v\u0161t\u011bvu<\/label>\n              <div class=\"u-input-row\" data-value=\"0\">\n                <input value=\"0\" min=\"0\" max=\"24\" step=\"1\" type=\"range\" placeholder=\"\" id=\"range-c3de\" name=\"visithours\" class=\"u-input u-range u-text-palette-1-base\">\n              <\/div>\n            <\/div>\n            <div class=\"u-form-calc u-form-group u-label-top u-form-group-10\">\n              <label for=\"calc-744f\" class=\"u-label\">Calculation<\/label>\n              <input type=\"hidden\" placeholder=\"\" id=\"calc-744f\" name=\"calc\" class=\"u-calc-input\" value=\"0\">\n              <div class=\"u-form-calc-text\"><span class=\"u-form-calc-before\"><\/span><span class=\"u-form-calc-value\" data-expression=\"servr*3875+pc*150+zasah+havarzasah+visit*5+visithours*2 \">0<\/span><span class=\"u-form-calc-after\">K\u010d<\/span><\/div>\n            <\/div>\n            <div class=\"u-align-left u-form-group u-form-submit u-label-top\">\n              <a href=\"#\" class=\"u-btn u-btn-submit u-button-style\">Submit<\/a>\n              <input type=\"submit\" value=\"submit\" class=\"u-form-control-hidden\">\n            <\/div>\n            <div class=\"u-form-send-message u-form-send-success\">Thank you! Your message has been sent.<\/div>\n            <div class=\"u-form-send-error u-form-send-message\">Unable to send your message. Please fix errors then try again.<\/div>\n            <input type=\"hidden\" value=\"\" name=\"recaptchaResponse\">\n            <input type=\"hidden\" name=\"formServices\" value=\"1ff84266244bd39475dba0221268459e\">\n          <\/form>\n        <\/div>\n      <\/div>\n    <\/section>\n    \n    \n    \n  \n<\/div>","protected":false},"excerpt":{"rendered":"<p>Extern\u00ed spr\u00e1va IT s\u00edt\u011b Spr\u00e1va s\u00edt\u011b \u2013 Komplexn\u00ed Outsourcing IT zahrnuje komplexn\u00ed servis s garanc\u00ed&nbsp;99,999% funk\u010dnosti&nbsp;hardwaru i softwaru IT syt\u00e9mu z\u00e1kazn\u00edka. Outsourcingu a poradenstv\u00ed v oblasti IT se na\u0161e firma v\u011bnuje od roku 1995. D\u00edky dlouholet\u00fdm zku\u0161enostem dok\u00e1\u017eeme profesion\u00e1ln\u011b zajistit efektivn\u00ed a bezprobl\u00e9mov\u00fd chod Va\u0161ich IT syst\u00e9m\u016f po hardwarov\u00e9 i softwarov\u00e9 str\u00e1nce. D\u011aLEJTE TO, CO [&hellip;]<\/p>\n","protected":false},"author":8,"featured_media":0,"parent":0,"menu_order":0,"comment_status":"closed","ping_status":"closed","template":"","meta":{"footnotes":""},"class_list":["post-262","page","type-page","status-publish","hentry"],"_links":{"self":[{"href":"https:\/\/www.rosacom.cz\/homepage\/wp-json\/wp\/v2\/pages\/262","targetHints":{"allow":["GET"]}}],"collection":[{"href":"https:\/\/www.rosacom.cz\/homepage\/wp-json\/wp\/v2\/pages"}],"about":[{"href":"https:\/\/www.rosacom.cz\/homepage\/wp-json\/wp\/v2\/types\/page"}],"author":[{"embeddable":true,"href":"https:\/\/www.rosacom.cz\/homepage\/wp-json\/wp\/v2\/users\/8"}],"replies":[{"embeddable":true,"href":"https:\/\/www.rosacom.cz\/homepage\/wp-json\/wp\/v2\/comments?post=262"}],"version-history":[{"count":11,"href":"https:\/\/www.rosacom.cz\/homepage\/wp-json\/wp\/v2\/pages\/262\/revisions"}],"predecessor-version":[{"id":288,"href":"https:\/\/www.rosacom.cz\/homepage\/wp-json\/wp\/v2\/pages\/262\/revisions\/288"}],"wp:attachment":[{"href":"https:\/\/www.rosacom.cz\/homepage\/wp-json\/wp\/v2\/media?parent=262"}],"curies":[{"name":"wp","href":"https:\/\/api.w.org\/{rel}","templated":true}]}}