{"id":583,"date":"2023-08-02T13:50:24","date_gmt":"2023-08-02T11:50:24","guid":{"rendered":"https:\/\/rosacom.rcsoft.cz\/?page_id=583"},"modified":"2023-08-02T13:53:10","modified_gmt":"2023-08-02T11:53:10","slug":"page-10","status":"publish","type":"page","link":"https:\/\/www.rosacom.cz\/homepage\/page-10\/","title":{"rendered":"Kompletn\u00ed cen\u00edk NTSUP"},"content":{"rendered":"<div class=\"\" style=\"\" >\n    \n    <section class=\"u-clearfix u-section-2\" id=\"sec-ba28\">\n      <div class=\"u-clearfix u-sheet u-sheet-1\">\n        <div class=\"u-shape u-shape-svg u-text-palette-1-base u-shape-1\">\n          <svg class=\"u-svg-link\" preserveAspectRatio=\"none\" viewBox=\"0 0 160 160\" style=\"\"><use xlink:href=\"#svg-bdfa\"><\/use><\/svg>\n          <svg class=\"u-svg-content\" viewBox=\"0 0 160 160\" x=\"0px\" y=\"0px\" id=\"svg-bdfa\" style=\"enable-background:new 0 0 160 160;\"><path d=\"M158.1,106.7L111.7,80l46.4-26.7c0.8-0.5,1.4-1.2,1.6-2.1c0.2-0.9,0.1-1.8-0.4-2.5l-13.7-21c-1-1.6-3.2-2.1-4.9-1.1\n\tL96.5,52.1V3.3C96.5,1.5,94.9,0,93,0H66.9c-2,0-3.5,1.5-3.5,3.3v48.8L19.1,26.7c-1.7-1-3.8-0.5-4.9,1.1l-13.7,21\n\tc-0.5,0.8-0.6,1.7-0.4,2.5c0.2,0.9,0.8,1.6,1.6,2.1L48.2,80L1.8,106.7c-0.8,0.5-1.4,1.2-1.6,2.1c-0.2,0.9-0.1,1.8,0.4,2.5l13.7,21\n\tc1,1.6,3.2,2.1,4.9,1.1l44.3-25.5v48.8c0,1.8,1.6,3.3,3.5,3.3h26.2c2,0,3.5-1.5,3.5-3.3v-48.8l44.3,25.5c1.7,1,3.8,0.5,4.9-1.1\n\tl13.7-21c0.5-0.8,0.6-1.7,0.4-2.5C159.5,107.9,158.9,107.2,158.1,106.7z\"><\/path><\/svg>\n        <\/div>\n        <h2 class=\"u-align-center u-text u-text-palette-1-base u-text-1\"> Zprost\u0159edkovan\u00fd servis u spole\u010dnosti NTSUP<\/h2>\n        <img decoding=\"async\" class=\"u-image u-image-default u-image-1\" src=\"https:\/\/www.rosacom.cz\/wp-content\/uploads\/2023\/08\/ntsup-216x300-1.png\" alt=\"\" data-image-width=\"216\" data-image-height=\"300\" data-href=\"https:\/\/www.rosacom.cz\/wp-content\/uploads\/2022\/04\/NTSUP-servisni-cenik-2022.pdf\">\n        <p class=\"u-align-center u-text u-text-palette-1-base u-text-2\"> Kompletn\u00ed cen\u00edk:<\/p>\n        <div class=\"u-black u-shape u-shape-rectangle u-shape-2\"><\/div>\n      <\/div>\n    <\/section>\n    <section class=\"u-clearfix u-section-3\" id=\"sec-8b0a\">\n      <div class=\"u-clearfix u-sheet u-sheet-1\">\n        <h1 class=\"u-text u-text-black u-text-default u-text-1\"><b>Pro\u010d NTSUP?<\/b>\n        <\/h1>\n        <img decoding=\"async\" class=\"u-expanded-width u-image u-image-default u-image-1\" src=\"https:\/\/www.rosacom.cz\/wp-content\/uploads\/2023\/08\/oprava5.jpg\" alt=\"\" data-image-width=\"1909\" data-image-height=\"830\">\n        <p class=\"u-text u-text-default u-text-2\"> Rozhodli jste se spr\u00e1vn\u011b<br>\n          <span style=\"font-weight: 700;\">Rychle, profesion\u00e1ln\u011b a za sympatick\u00e9 ceny<\/span>&nbsp;vrac\u00edme \u017eivot technice, kter\u00e1 m\u00e1 srdce z k\u0159em\u00edku.<span style=\"font-weight: 700;\">Tis\u00edc\u016fm z\u00e1kazn\u00edk\u016f po cel\u00e9 \u010cesk\u00e9 republice i na Slovensko<\/span>&nbsp;se od n\u00e1s ka\u017ed\u00fd m\u011bs\u00edc vrac\u00ed profesion\u00e1ln\u011b opraven\u00e9 notebooky, tablety, chytr\u00e9 telefony, produkty Apple, outdoorov\u00e9 kamery GoPro a dal\u0161\u00ed p\u0159\u00edstroje.D\u00edky \u0161pi\u010dkov\u00e9mu know-how&nbsp;na\u0161ich technik\u016f a speci\u00e1ln\u00edm servisn\u00edm postup\u016fm zbavujeme elektroniku z\u00e1vad, se kter\u00fdmi si b\u011b\u017en\u00e9 opravny nev\u011bd\u00ed rady.Poskytujeme standardn\u00ed i prodlou\u017een\u00e9&nbsp;z\u00e1ruky na na\u0161i pr\u00e1ci.Jsme tu pro v\u00e1s&nbsp;ji\u017e od roku 2005.\n        <\/p>\n        <div class=\"u-clearfix u-expanded-width u-layout-wrap u-layout-wrap-1\">\n          <div class=\"u-layout\">\n            <div class=\"u-layout-row\">\n              <div class=\"u-container-align-center u-container-style u-layout-cell u-size-20 u-layout-cell-1\">\n                <div class=\"u-container-layout u-container-layout-1\">\n                  <p class=\"u-text u-text-default u-text-3\"> \u0160pi\u010dkov\u00e1 servisn\u00ed technologie a zku\u0161enosti.<span style=\"font-weight: 700;\"><\/span>\n                  <\/p>\n                  <img decoding=\"async\" class=\"u-image u-image-contain u-image-default u-preserve-proportions u-image-2\" src=\"https:\/\/www.rosacom.cz\/wp-content\/uploads\/2023\/08\/opravy.png\" alt=\"\" data-image-width=\"1280\" data-image-height=\"1280\">\n                <\/div>\n              <\/div>\n              <div class=\"u-container-style u-layout-cell u-size-20 u-layout-cell-2\">\n                <div class=\"u-container-layout u-container-layout-2\">\n                  <p class=\"u-text u-text-default u-text-4\"> \u0160pi\u010dkov\u00e1 servisn\u00ed technologie a zku\u0161enosti.<span style=\"font-weight: 700;\"><\/span>\n                  <\/p>\n                  <img decoding=\"async\" class=\"u-image u-image-contain u-image-default u-preserve-proportions u-image-3\" src=\"https:\/\/www.rosacom.cz\/wp-content\/uploads\/2023\/08\/doprava.png\" alt=\"\" data-image-width=\"1280\" data-image-height=\"1280\">\n                <\/div>\n              <\/div>\n              <div class=\"u-container-style u-layout-cell u-size-20 u-layout-cell-3\">\n                <div class=\"u-container-layout u-valign-top u-container-layout-3\">\n                  <p class=\"u-text u-text-default u-text-5\"> \u0160pi\u010dkov\u00e1 servisn\u00ed technologie a zku\u0161enosti.<span style=\"font-weight: 700;\"><\/span>\n                  <\/p>\n                  <img decoding=\"async\" class=\"u-image u-image-contain u-image-default u-preserve-proportions u-image-4\" src=\"https:\/\/www.rosacom.cz\/wp-content\/uploads\/2023\/08\/formula.png\" alt=\"\" data-image-width=\"1280\" data-image-height=\"1280\">\n                <\/div>\n              <\/div>\n            <\/div>\n          <\/div>\n        <\/div>\n        <p class=\"u-text u-text-default u-text-6\"> * V p\u0159\u00edpad\u011b nerealizovan\u00e9 opravy cena dopravy a diagnostiky 250 K\u010d s DPH.<\/p>\n      <\/div>\n    <\/section>\n    <section class=\"u-clearfix u-section-4\" id=\"sec-cfb1\">\n      <div class=\"u-clearfix u-sheet u-sheet-1\">\n        <p class=\"u-text u-text-default u-text-1\">\n          <span style=\"font-weight: 700;\"> Jsme opravdu v\u0161ude<\/span>\n          <br>Proto mohou na\u0161i z\u00e1kazn\u00edci odevzdat p\u0159\u00edstroj k servisu na jedn\u00e9 z v\u00edce ne\u017e&nbsp;400 na\u0161ich pobo\u010dek&nbsp;v \u010cesk\u00e9 republice a na Slovensku, v\u010detn\u011b obchodn\u00edch \u0159et\u011bzc\u016f:\n        <\/p>\n        <ul class=\"u-text u-text-palette-1-base u-text-2\">\n          <li> OKAY Elektrospot\u0159ebi\u010de<\/li>\n          <li> COMFOR STORES a.s.<\/li>\n          <li> COMFOR Partnersk\u00e9 prodejny<\/li>\n          <li>T.S. Bohemia a Exasoft<br>\n          <\/li>\n        <\/ul>\n        <p class=\"u-text u-text-3\">\n          <span style=\"font-weight: 700;\"> Garance kvality<\/span>\n          <br>D\u00e1v\u00e1me z\u00e1ruku na servisn\u00ed pr\u00e1ci v d\u00e9lce minim\u00e1ln\u011b 12ti m\u011bs\u00edc\u016f. Z\u00e1ruka na nov\u00e9 n\u00e1hradn\u00ed d\u00edly je 24 m\u011bs\u00edc\u016f.<br>\n          <span style=\"font-weight: 700;\">\u00dadr\u017eba zdarma jako bonus<\/span>\n          <br>P\u0159i ka\u017ed\u00e9 servisn\u00ed pr\u00e1ci zbav\u00edme zdarma va\u0161i&nbsp;elektroniku ne\u010distot, kter\u00e9 ucp\u00e1vaj\u00ed jej\u00ed ventilaci a prodlou\u017e\u00edme j\u00ed&nbsp;t\u00edm \u017eivot.<br>\n          <span style=\"font-weight: 700;\">Dov\u00e1\u017e\u00edme n\u00e1hradn\u00ed d\u00edly z cel\u00e9ho sv\u011bta<\/span>\n          <br>S n\u00e1mi m\u00e1te jedine\u010dnou mo\u017enost z\u00edskat v\u010das a za rozumnou cenu sou\u010d\u00e1stky do:\n        <\/p>\n        <ul class=\"u-text u-text-palette-1-base u-text-4\">\n          <li> notebook\u016f<\/li>\n          <li> tablet\u016f<\/li>\n          <li> mobiln\u00edch telefon\u016f<\/li>\n          <li style=\"\">outdoorov\u00fdch kamer<br>\n          <\/li>\n          <li>tisk\u00e1ren<br>\n          <\/li>\n          <li>automobilov\u00fdch navigac\u00ed<br>\n          <\/li>\n          <li>monitor\u016f a&nbsp;projektor\u016f<br>\n          <\/li>\n          <li>pokladn\u00edch syst\u00e9m\u016f&nbsp;<br>\n          <\/li>\n          <li>zna\u010dkov\u00e9ho zbo\u017e\u00ed Apple<br>\n          <\/li>\n        <\/ul>\n        <p class=\"u-text u-text-5\">\n          <span style=\"font-weight: 700;\"> Jak dlouho oprava trv\u00e1<\/span>\n          <br>Obvykle do 3 pracovn\u00edch dn\u016f.V p\u0159\u00edpadech, kdy je nutn\u00e9 objedn\u00e1vat n\u00e1hradn\u00ed d\u00edly, nebo je servis n\u00e1ro\u010dn\u011bj\u0161\u00ed, se doba opravy m\u016f\u017ee prodlou\u017eit.\n        <\/p>\n      <\/div>\n    <\/section>\n    <section class=\"u-clearfix u-section-5\" id=\"sec-38ad\">\n      <div class=\"u-border-3 u-border-grey-dark-1 u-line u-line-vertical u-line-1\"><\/div>\n      <div class=\"u-black u-expanded-width u-shape u-shape-rectangle u-shape-1\"><\/div>\n      <h2 class=\"u-text u-text-default u-text-palette-1-base u-text-1\"> Nov\u011b i opravy velk\u00fdch spot\u0159ebi\u010d\u016f<\/h2>\n      <img decoding=\"async\" class=\"u-image u-image-1\" src=\"https:\/\/www.rosacom.cz\/wp-content\/uploads\/2023\/08\/104428772_3524633037564690_7218969904071940032_o.jpg\" data-image-width=\"707\" data-image-height=\"1000\">\n    <\/section>\n    \n    \n    \n  \n<\/div>","protected":false},"excerpt":{"rendered":"<p>Zprost\u0159edkovan\u00fd servis u spole\u010dnosti NTSUP Kompletn\u00ed cen\u00edk: Pro\u010d NTSUP? Rozhodli jste se spr\u00e1vn\u011b Rychle, profesion\u00e1ln\u011b a za sympatick\u00e9 ceny&nbsp;vrac\u00edme \u017eivot technice, kter\u00e1 m\u00e1 srdce z k\u0159em\u00edku.Tis\u00edc\u016fm z\u00e1kazn\u00edk\u016f po cel\u00e9 \u010cesk\u00e9 republice i na Slovensko&nbsp;se od n\u00e1s ka\u017ed\u00fd m\u011bs\u00edc vrac\u00ed profesion\u00e1ln\u011b opraven\u00e9 notebooky, tablety, chytr\u00e9 telefony, produkty Apple, outdoorov\u00e9 kamery GoPro a dal\u0161\u00ed p\u0159\u00edstroje.D\u00edky \u0161pi\u010dkov\u00e9mu know-how&nbsp;na\u0161ich [&hellip;]<\/p>\n","protected":false},"author":8,"featured_media":0,"parent":0,"menu_order":0,"comment_status":"closed","ping_status":"closed","template":"","meta":{"footnotes":""},"class_list":["post-583","page","type-page","status-publish","hentry"],"_links":{"self":[{"href":"https:\/\/www.rosacom.cz\/homepage\/wp-json\/wp\/v2\/pages\/583","targetHints":{"allow":["GET"]}}],"collection":[{"href":"https:\/\/www.rosacom.cz\/homepage\/wp-json\/wp\/v2\/pages"}],"about":[{"href":"https:\/\/www.rosacom.cz\/homepage\/wp-json\/wp\/v2\/types\/page"}],"author":[{"embeddable":true,"href":"https:\/\/www.rosacom.cz\/homepage\/wp-json\/wp\/v2\/users\/8"}],"replies":[{"embeddable":true,"href":"https:\/\/www.rosacom.cz\/homepage\/wp-json\/wp\/v2\/comments?post=583"}],"version-history":[{"count":4,"href":"https:\/\/www.rosacom.cz\/homepage\/wp-json\/wp\/v2\/pages\/583\/revisions"}],"predecessor-version":[{"id":613,"href":"https:\/\/www.rosacom.cz\/homepage\/wp-json\/wp\/v2\/pages\/583\/revisions\/613"}],"wp:attachment":[{"href":"https:\/\/www.rosacom.cz\/homepage\/wp-json\/wp\/v2\/media?parent=583"}],"curies":[{"name":"wp","href":"https:\/\/api.w.org\/{rel}","templated":true}]}}